{"id":117,"date":"2023-10-05T16:14:55","date_gmt":"2023-10-05T14:14:55","guid":{"rendered":"https:\/\/agathe-reflexologie.fr\/?page_id=117"},"modified":"2024-09-21T17:00:37","modified_gmt":"2024-09-21T15:00:37","slug":"mentions-legales","status":"publish","type":"page","link":"https:\/\/agathe-reflexologie.fr\/index.php\/mentions-legales\/","title":{"rendered":"Mentions l\u00e9gales"},"content":{"rendered":"<p>[et_pb_section fb_built=\u00a0\u00bb1&Prime; _builder_version=\u00a0\u00bb4.16&Prime; global_colors_info=\u00a0\u00bb{}\u00a0\u00bb][et_pb_row _builder_version=\u00a0\u00bb4.16&Prime; background_size=\u00a0\u00bbinitial\u00a0\u00bb background_position=\u00a0\u00bbtop_left\u00a0\u00bb background_repeat=\u00a0\u00bbrepeat\u00a0\u00bb global_colors_info=\u00a0\u00bb{}\u00a0\u00bb][et_pb_column type=\u00a0\u00bb4_4&Prime; _builder_version=\u00a0\u00bb4.16&Prime; custom_padding=\u00a0\u00bb|||\u00a0\u00bb global_colors_info=\u00a0\u00bb{}\u00a0\u00bb custom_padding__hover=\u00a0\u00bb|||\u00a0\u00bb][et_pb_text _builder_version=\u00a0\u00bb4.27.0&Prime; background_size=\u00a0\u00bbinitial\u00a0\u00bb background_position=\u00a0\u00bbtop_left\u00a0\u00bb background_repeat=\u00a0\u00bbrepeat\u00a0\u00bb hover_enabled=\u00a0\u00bb0&Prime; global_colors_info=\u00a0\u00bb{}\u00a0\u00bb sticky_enabled=\u00a0\u00bb0&Prime;]<\/p>\n<h1 style=\"text-align: center;\"><span style=\"color: #5c7cb1;\">Mentions l\u00e9gales<\/span><\/h1>\n<p>&nbsp;<\/p>\n<p><!-- divi:paragraph --><\/p>\n<p>Conform\u00e9ment aux dispositions des Articles 6-III et 19 de la Loi n\u00b02004-575 du 21 juin 2004 pour la confiance dans l\u2019\u00e9conomie num\u00e9rique, dite L.C.E.N., il est port\u00e9 \u00e0 la connaissance des utilisateurs et visiteurs du site\u00a0: \u00ab\u00a0https:\/\/agathe-reflexologie.fr\/\u00bb les pr\u00e9sentes mentions l\u00e9gales.<\/p>\n<p>&nbsp;<\/p>\n<p><!-- \/divi:paragraph --><!-- divi:paragraph --><\/p>\n<p>Le site est accessible \u00e0 l\u2019adresse suivante : <a href=\"https:\/\/agathe-reflexologie.fr\/\">https:\/\/agathe-reflexologie.fr\/<\/a> L\u2019acc\u00e8s et l\u2019utilisation du site sont soumis aux pr\u00e9sentes mentions l\u00e9gales d\u00e9taill\u00e9es ci-apr\u00e8s ainsi qu\u2019aux lois et\/o\u00f9 r\u00e8glements applicables. La connexion, l\u2019utilisation et l\u2019acc\u00e8s \u00e0 ce site impliquent l\u2019acceptation int\u00e9grale et sans r\u00e9serve de l\u2019internaute de toutes les dispositions des pr\u00e9sentes mentions l\u00e9gales.<\/p>\n<p>&nbsp;<\/p>\n<p><!-- \/divi:paragraph --><!-- divi:paragraph {\"style\":{\"color\":{\"text\":\"#5c7cb1\"}}} --><\/p>\n<p class=\"has-text-color\" style=\"color: #5c7cb1;\"><strong>Article 1 \u2013 Informations l\u00e9gales<\/strong><\/p>\n<p><!-- \/divi:paragraph --><!-- divi:paragraph --><\/p>\n<p>Le Directeur de publication est :<br \/>Agathe Caudrelier (Entreprise individuelle)<br \/>Adresse : Rez\u00e9<\/p>\n<p>&nbsp;<\/p>\n<p>Mail. : <a href=\"mailto:contact@agathe-reflexologie.fr\">contact@agathe-reflexologie.fr<\/a><\/p>\n<p>Tel. 06 51 43 61 58<\/p>\n<p>Siret\u00a0: 95385313200017<\/p>\n<p><!-- \/divi:paragraph --><!-- divi:paragraph --><!-- \/divi:paragraph --><!-- divi:paragraph --><\/p>\n<p>Le site <a href=\"https:\/\/agathe-reflexologie.fr\/\">https:\/\/agathe-reflexologie.fr\/<\/a> est r\u00e9alis\u00e9 par :<br \/>Lucille Dupont-Ch\u00eane<br \/>12 rue Jean Fraix \u2013 44400 Rez\u00e9<br \/>T\u00e9l.\u00a006 78 77 28 77<br \/>Mail : hello@lucilledc.com<\/p>\n<p>&nbsp;<\/p>\n<p><!-- \/divi:paragraph --><!-- divi:paragraph --><\/p>\n<p>Le site est h\u00e9berg\u00e9 par : HOSTINGER INTERNATIONAL LTD, 61 Lordou Vironos Street, 6023 Larnaca, Chypre, joignable par le moyen suivant :https:\/\/www.hostinger.fr\/contact<\/p>\n<p>&nbsp;<\/p>\n<p><!-- \/divi:paragraph --><!-- divi:paragraph {\"style\":{\"color\":{\"text\":\"#5c7cb1\"}}} --><\/p>\n<p class=\"has-text-color\" style=\"color: #5c7cb1;\"><strong>Article 2 \u2013 Accessibilit\u00e9<\/strong><\/p>\n<p><!-- \/divi:paragraph --><!-- divi:paragraph --><\/p>\n<p>Le site est par principe accessible aux utilisateurs 24\/24 h et 7\/7j, sauf interruption, programm\u00e9e ou non, pour des besoins de maintenance ou en cas de force majeure. En cas d\u2019impossibilit\u00e9 d\u2019acc\u00e8s au site, celui-ci s\u2019engage \u00e0 faire son maximum afin d\u2019en r\u00e9tablir l\u2019acc\u00e8s. Le site ne saurait \u00eatre tenu pour responsable de tout dommage, quelle qu\u2019en soit la nature, r\u00e9sultant de son indisponibilit\u00e9.<\/p>\n<p>&nbsp;<\/p>\n<p><!-- \/divi:paragraph --><!-- divi:paragraph --><\/p>\n<p>Le site utilise la technologie JavaScript.<br \/>Le site Internet ne pourra \u00eatre tenu responsable de dommages mat\u00e9riels li\u00e9s \u00e0 l\u2019utilisation du site. De plus, l\u2019utilisateur du site s\u2019engage \u00e0 acc\u00e9der au site en utilisant un mat\u00e9riel r\u00e9cent, ne contenant pas de virus et avec un navigateur de derni\u00e8re g\u00e9n\u00e9ration mis-\u00e0-jour.<\/p>\n<p>&nbsp;<\/p>\n<p><!-- \/divi:paragraph --><!-- divi:paragraph --><\/p>\n<p>Toute exploitation non autoris\u00e9e du site ou de l\u2019un quelconque des \u00e9l\u00e9ments qu\u2019il contient sera consid\u00e9r\u00e9e comme constitutive d\u2019une contrefa\u00e7on et poursuivie conform\u00e9ment aux dispositions des articles L.335-2 et suivants du Code de Propri\u00e9t\u00e9 Intellectuelle.<\/p>\n<p>&nbsp;<\/p>\n<p><!-- \/divi:paragraph --><!-- divi:paragraph --><\/p>\n<p>L\u2019ENTREPRISE \u00a0ne pourra \u00eatre tenue responsable des dommages directs et indirects caus\u00e9s au mat\u00e9riel de l\u2019utilisateur, lors de l\u2019acc\u00e8s au site : <a href=\"https:\/\/agathe-reflexologie.fr\/\">https:\/\/agathe-reflexologie.fr\/<\/a>. et r\u00e9sultant soit de l\u2019utilisation d\u2019un mat\u00e9riel ne r\u00e9pondant pas aux sp\u00e9cifications indiqu\u00e9es ci-dessus, soit de l\u2019apparition d\u2019un bug ou d\u2019une incompatibilit\u00e9.<\/p>\n<p>&nbsp;<\/p>\n<p><!-- \/divi:paragraph --><!-- divi:paragraph --><\/p>\n<p>Des espaces interactifs (possibilit\u00e9 de poser des questions dans l\u2019espace contact) sont \u00e0 la disposition des utilisateurs. L\u2019ENTREPRISE \u00a0se r\u00e9serve le droit de supprimer, sans mise en demeure pr\u00e9alable, tout contenu d\u00e9pos\u00e9 dans cet espace qui contreviendrait \u00e0 la l\u00e9gislation applicable en France, en particulier aux dispositions relatives \u00e0 la protection des donn\u00e9es. Le cas \u00e9ch\u00e9ant, L\u2019ENTREPRISE \u00a0se r\u00e9serve \u00e9galement la possibilit\u00e9 de mettre en cause la responsabilit\u00e9 civile et\/ou p\u00e9nale de l\u2019utilisateur, notamment en cas de message \u00e0 caract\u00e8re raciste, injurieux, diffamant, ou pornographique, quel que soit le support utilis\u00e9 (texte, photographie\u2026).<\/p>\n<p>&nbsp;<\/p>\n<p><!-- \/divi:paragraph --><!-- divi:paragraph {\"style\":{\"color\":{\"text\":\"#5c7cb1\"}}} --><\/p>\n<p class=\"has-text-color\" style=\"color: #5c7cb1;\"><strong>Article 3 \u2013 Collecte de donn\u00e9es et loi informatique et libert\u00e9<\/strong><\/p>\n<p><!-- \/divi:paragraph --><!-- divi:paragraph --><\/p>\n<p>Ce site est conforme aux dispositions de la loi 78-17 du 6 janvier 1978 relative \u00e0 l\u2019informatique, aux fichiers et aux libert\u00e9s. En vertu de celle-ci l\u2019utilisateur b\u00e9n\u00e9ficie notamment d\u2019un droit d\u2019opposition (art. 32 et 38), d\u2019acc\u00e8s (art. 38 et 39) et de rectification (art. 40) des donn\u00e9es le concernant. Pour faire usage de celui-ci, l\u2019utilisateur doit s\u2019adresser \u00e0 l\u2019\u00e9diteur en le contactant par courrier adress\u00e9 au domicile de l\u2019\u00e9diteur en pr\u00e9cisant ses nom, pr\u00e9nom(s), adresse et adresse(s) e-mail.<\/p>\n<p>&nbsp;<\/p>\n<p><!-- \/divi:paragraph --><!-- divi:paragraph {\"style\":{\"color\":{\"text\":\"#5c7cb1\"}}} --><\/p>\n<p class=\"has-text-color\" style=\"color: #5c7cb1;\"><strong>Article 4 \u2013 Contact<\/strong><\/p>\n<p><!-- \/divi:paragraph --><!-- divi:paragraph --><\/p>\n<p>Pour tout signalement de contenus ou d\u2019activit\u00e9s illicites, l\u2019utilisateur peut contacter l\u2019\u00e9diteur \u00e0 l\u2019adresse suivante :\u00a0<a href=\"mailto:contact@agathe-reflexologie.fr\">contact@agathe-reflexologie.fr<\/a>\u00a0ou par courrier recommand\u00e9 avec accus\u00e9 de r\u00e9ception adress\u00e9 \u00e0 l\u2019\u00e9diteur aux coordonn\u00e9es pr\u00e9cis\u00e9es dans les pr\u00e9sentes mentions l\u00e9gales.<\/p>\n<p>&nbsp;<\/p>\n<p><!-- \/divi:paragraph -->[\/et_pb_text][\/et_pb_column][\/et_pb_row][\/et_pb_section]<\/p>\n","protected":false},"excerpt":{"rendered":"<p>Mentions l\u00e9gales<\/p>\n","protected":false},"author":2,"featured_media":0,"parent":0,"menu_order":0,"comment_status":"closed","ping_status":"closed","template":"","meta":{"_et_pb_use_builder":"on","_et_pb_old_content":"<!-- wp:paragraph -->\n<p>Conform\u00e9ment aux dispositions des Articles 6-III et 19 de la Loi n\u00b02004-575 du 21 juin 2004 pour la confiance dans l\u2019\u00e9conomie num\u00e9rique, dite L.C.E.N., il est port\u00e9 \u00e0 la connaissance des utilisateurs et visiteurs du site&nbsp;: \u00ab&nbsp;https:\/\/agathe-reflexologie.fr\/\u00bb les pr\u00e9sentes mentions l\u00e9gales.<\/p>\n<!-- \/wp:paragraph -->\n\n<!-- wp:paragraph -->\n<p>Le site est accessible \u00e0 l\u2019adresse suivante : <a href=\"https:\/\/agathe-reflexologie.fr\/\">https:\/\/agathe-reflexologie.fr\/<\/a> L\u2019acc\u00e8s et l\u2019utilisation du site sont soumis aux pr\u00e9sentes mentions l\u00e9gales d\u00e9taill\u00e9es ci-apr\u00e8s ainsi qu\u2019aux lois et\/o\u00f9 r\u00e8glements applicables. La connexion, l\u2019utilisation et l\u2019acc\u00e8s \u00e0 ce site impliquent l\u2019acceptation int\u00e9grale et sans r\u00e9serve de l\u2019internaute de toutes les dispositions des pr\u00e9sentes mentions l\u00e9gales.<\/p>\n<!-- \/wp:paragraph -->\n\n<!-- wp:paragraph {\"style\":{\"color\":{\"text\":\"#5c7cb1\"}}} -->\n<p class=\"has-text-color\" style=\"color:#5c7cb1\"><strong>Article 1 \u2013 Informations l\u00e9gales<\/strong><\/p>\n<!-- \/wp:paragraph -->\n\n<!-- wp:paragraph -->\n<p>Le Directeur de publication est :<br>Agathe Caudrelier<br>Adresse : Rez\u00e9<br>Mail. : <a href=\"mailto:contact@agathe-reflexologie.fr\">contact@agathe-reflexologie.fr<\/a><\/p>\n<!-- \/wp:paragraph -->\n\n<!-- wp:paragraph -->\n<p>Siret&nbsp;: 95385313200017<\/p>\n<!-- \/wp:paragraph -->\n\n<!-- wp:paragraph -->\n<p>Le site <a href=\"https:\/\/agathe-reflexologie.fr\/\">https:\/\/agathe-reflexologie.fr\/<\/a> est r\u00e9alis\u00e9 par :<br>Lucille Dupont-Ch\u00eane<br>12 rue Jean Fraix \u2013 44400 Rez\u00e9<br>T\u00e9l.&nbsp;06 78 77 28 77<br>Mail : hello@lucilledc.com<\/p>\n<!-- \/wp:paragraph -->\n\n<!-- wp:paragraph -->\n<p>Le site est h\u00e9berg\u00e9 par : HOSTINGER INTERNATIONAL LTD, 61 Lordou Vironos Street, 6023 Larnaca, Chypre, joignable par le moyen suivant :https:\/\/www.hostinger.fr\/contact<\/p>\n<!-- \/wp:paragraph -->\n\n<!-- wp:paragraph {\"style\":{\"color\":{\"text\":\"#5c7cb1\"}}} -->\n<p class=\"has-text-color\" style=\"color:#5c7cb1\"><strong>Article 2 \u2013 Accessibilit\u00e9<\/strong><\/p>\n<!-- \/wp:paragraph -->\n\n<!-- wp:paragraph -->\n<p>Le site est par principe accessible aux utilisateurs 24\/24 h et 7\/7j, sauf interruption, programm\u00e9e ou non, pour des besoins de maintenance ou en cas de force majeure. En cas d\u2019impossibilit\u00e9 d\u2019acc\u00e8s au site, celui-ci s\u2019engage \u00e0 faire son maximum afin d\u2019en r\u00e9tablir l\u2019acc\u00e8s. Le site ne saurait \u00eatre tenu pour responsable de tout dommage, quelle qu\u2019en soit la nature, r\u00e9sultant de son indisponibilit\u00e9.<\/p>\n<!-- \/wp:paragraph -->\n\n<!-- wp:paragraph -->\n<p>Le site utilise la technologie JavaScript.<br>Le site Internet ne pourra \u00eatre tenu responsable de dommages mat\u00e9riels li\u00e9s \u00e0 l\u2019utilisation du site. De plus, l\u2019utilisateur du site s\u2019engage \u00e0 acc\u00e9der au site en utilisant un mat\u00e9riel r\u00e9cent, ne contenant pas de virus et avec un navigateur de derni\u00e8re g\u00e9n\u00e9ration mis-\u00e0-jour.<\/p>\n<!-- \/wp:paragraph -->\n\n<!-- wp:paragraph -->\n<p>Toute exploitation non autoris\u00e9e du site ou de l\u2019un quelconque des \u00e9l\u00e9ments qu\u2019il contient sera consid\u00e9r\u00e9e comme constitutive d\u2019une contrefa\u00e7on et poursuivie conform\u00e9ment aux dispositions des articles L.335-2 et suivants du Code de Propri\u00e9t\u00e9 Intellectuelle.<\/p>\n<!-- \/wp:paragraph -->\n\n<!-- wp:paragraph -->\n<p>L\u2019ENTREPRISE &nbsp;ne pourra \u00eatre tenue responsable des dommages directs et indirects caus\u00e9s au mat\u00e9riel de l\u2019utilisateur, lors de l\u2019acc\u00e8s au site : <a href=\"https:\/\/agathe-reflexologie.fr\/\">https:\/\/agathe-reflexologie.fr\/<\/a>. et r\u00e9sultant soit de l\u2019utilisation d\u2019un mat\u00e9riel ne r\u00e9pondant pas aux sp\u00e9cifications indiqu\u00e9es ci-dessus, soit de l\u2019apparition d\u2019un bug ou d\u2019une incompatibilit\u00e9.<\/p>\n<!-- \/wp:paragraph -->\n\n<!-- wp:paragraph -->\n<p>Des espaces interactifs (possibilit\u00e9 de poser des questions dans l\u2019espace contact) sont \u00e0 la disposition des utilisateurs. L\u2019ENTREPRISE &nbsp;se r\u00e9serve le droit de supprimer, sans mise en demeure pr\u00e9alable, tout contenu d\u00e9pos\u00e9 dans cet espace qui contreviendrait \u00e0 la l\u00e9gislation applicable en France, en particulier aux dispositions relatives \u00e0 la protection des donn\u00e9es. Le cas \u00e9ch\u00e9ant, L\u2019ENTREPRISE &nbsp;se r\u00e9serve \u00e9galement la possibilit\u00e9 de mettre en cause la responsabilit\u00e9 civile et\/ou p\u00e9nale de l\u2019utilisateur, notamment en cas de message \u00e0 caract\u00e8re raciste, injurieux, diffamant, ou pornographique, quel que soit le support utilis\u00e9 (texte, photographie\u2026).<\/p>\n<!-- \/wp:paragraph -->\n\n<!-- wp:paragraph {\"style\":{\"color\":{\"text\":\"#5c7cb1\"}}} -->\n<p class=\"has-text-color\" style=\"color:#5c7cb1\"><strong>Article 3 \u2013 Collecte de donn\u00e9es et loi informatique et libert\u00e9<\/strong><\/p>\n<!-- \/wp:paragraph -->\n\n<!-- wp:paragraph -->\n<p>Ce site est conforme aux dispositions de la loi 78-17 du 6 janvier 1978 relative \u00e0 l\u2019informatique, aux fichiers et aux libert\u00e9s. En vertu de celle-ci l\u2019utilisateur b\u00e9n\u00e9ficie notamment d\u2019un droit d\u2019opposition (art. 32 et 38), d\u2019acc\u00e8s (art. 38 et 39) et de rectification (art. 40) des donn\u00e9es le concernant. Pour faire usage de celui-ci, l\u2019utilisateur doit s\u2019adresser \u00e0 l\u2019\u00e9diteur en le contactant par courrier adress\u00e9 au domicile de l\u2019\u00e9diteur en pr\u00e9cisant ses nom, pr\u00e9nom(s), adresse et adresse(s) e-mail.<\/p>\n<!-- \/wp:paragraph -->\n\n<!-- wp:paragraph {\"style\":{\"color\":{\"text\":\"#5c7cb1\"}}} -->\n<p class=\"has-text-color\" style=\"color:#5c7cb1\"><strong>Article 4 \u2013 Contact<\/strong><\/p>\n<!-- \/wp:paragraph -->\n\n<!-- wp:paragraph -->\n<p>Pour tout signalement de contenus ou d\u2019activit\u00e9s illicites, l\u2019utilisateur peut contacter l\u2019\u00e9diteur \u00e0 l\u2019adresse suivante :&nbsp;<a href=\"mailto:contact@agathe-reflexologie.fr\">contact@agathe-reflexologie.fr<\/a>&nbsp;ou par courrier recommand\u00e9 avec accus\u00e9 de r\u00e9ception adress\u00e9 \u00e0 l\u2019\u00e9diteur aux coordonn\u00e9es pr\u00e9cis\u00e9es dans les pr\u00e9sentes mentions l\u00e9gales.<\/p>\n<!-- \/wp:paragraph -->","_et_gb_content_width":""},"yoast_head":"<!-- This site is optimized with the Yoast SEO plugin v21.8.1 - https:\/\/yoast.com\/wordpress\/plugins\/seo\/ -->\n<title>Mentions l\u00e9gales - Agathe R\u00e9flexologie \u2022 R\u00e9flexologue certifi\u00e9e \u00e0 Nantes<\/title>\n<meta name=\"robots\" content=\"index, follow, max-snippet:-1, max-image-preview:large, max-video-preview:-1\" \/>\n<link rel=\"canonical\" href=\"https:\/\/agathe-reflexologie.fr\/index.php\/mentions-legales\/\" \/>\n<meta property=\"og:locale\" content=\"fr_FR\" \/>\n<meta property=\"og:type\" content=\"article\" \/>\n<meta property=\"og:title\" content=\"Mentions l\u00e9gales - Agathe R\u00e9flexologie \u2022 R\u00e9flexologue certifi\u00e9e \u00e0 Nantes\" \/>\n<meta property=\"og:description\" content=\"Mentions l\u00e9gales\" \/>\n<meta property=\"og:url\" content=\"https:\/\/agathe-reflexologie.fr\/index.php\/mentions-legales\/\" \/>\n<meta property=\"og:site_name\" content=\"Agathe R\u00e9flexologie \u2022 R\u00e9flexologue certifi\u00e9e \u00e0 Nantes\" \/>\n<meta property=\"article:modified_time\" content=\"2024-09-21T15:00:37+00:00\" \/>\n<meta name=\"twitter:card\" content=\"summary_large_image\" \/>\n<script type=\"application\/ld+json\" class=\"yoast-schema-graph\">{\"@context\":\"https:\/\/schema.org\",\"@graph\":[{\"@type\":\"WebPage\",\"@id\":\"https:\/\/agathe-reflexologie.fr\/index.php\/mentions-legales\/\",\"url\":\"https:\/\/agathe-reflexologie.fr\/index.php\/mentions-legales\/\",\"name\":\"Mentions l\u00e9gales - Agathe R\u00e9flexologie \u2022 R\u00e9flexologue certifi\u00e9e \u00e0 Nantes\",\"isPartOf\":{\"@id\":\"https:\/\/agathe-reflexologie.fr\/#website\"},\"datePublished\":\"2023-10-05T14:14:55+00:00\",\"dateModified\":\"2024-09-21T15:00:37+00:00\",\"breadcrumb\":{\"@id\":\"https:\/\/agathe-reflexologie.fr\/index.php\/mentions-legales\/#breadcrumb\"},\"inLanguage\":\"fr-FR\",\"potentialAction\":[{\"@type\":\"ReadAction\",\"target\":[\"https:\/\/agathe-reflexologie.fr\/index.php\/mentions-legales\/\"]}]},{\"@type\":\"BreadcrumbList\",\"@id\":\"https:\/\/agathe-reflexologie.fr\/index.php\/mentions-legales\/#breadcrumb\",\"itemListElement\":[{\"@type\":\"ListItem\",\"position\":1,\"name\":\"Accueil\",\"item\":\"https:\/\/agathe-reflexologie.fr\/\"},{\"@type\":\"ListItem\",\"position\":2,\"name\":\"Mentions l\u00e9gales\"}]},{\"@type\":\"WebSite\",\"@id\":\"https:\/\/agathe-reflexologie.fr\/#website\",\"url\":\"https:\/\/agathe-reflexologie.fr\/\",\"name\":\"Agathe R\u00e9flexologie \u2022 R\u00e9flexologue certifi\u00e9e \u00e0 Nantes\",\"description\":\"S\u2019accorder un moment de d\u00e9tente pour am\u00e9liorer son bien-\u00eatre\",\"publisher\":{\"@id\":\"https:\/\/agathe-reflexologie.fr\/#\/schema\/person\/b2b3be7c7e716a0f54e66afa5886dc6b\"},\"potentialAction\":[{\"@type\":\"SearchAction\",\"target\":{\"@type\":\"EntryPoint\",\"urlTemplate\":\"https:\/\/agathe-reflexologie.fr\/?s={search_term_string}\"},\"query-input\":\"required name=search_term_string\"}],\"inLanguage\":\"fr-FR\"},{\"@type\":[\"Person\",\"Organization\"],\"@id\":\"https:\/\/agathe-reflexologie.fr\/#\/schema\/person\/b2b3be7c7e716a0f54e66afa5886dc6b\",\"name\":\"agathe.caudrelier\",\"image\":{\"@type\":\"ImageObject\",\"inLanguage\":\"fr-FR\",\"@id\":\"https:\/\/agathe-reflexologie.fr\/#\/schema\/person\/image\/\",\"url\":\"https:\/\/agathe-reflexologie.fr\/wp-content\/uploads\/2023\/09\/cropped-Logos_Bleu-RVB_Icone.png\",\"contentUrl\":\"https:\/\/agathe-reflexologie.fr\/wp-content\/uploads\/2023\/09\/cropped-Logos_Bleu-RVB_Icone.png\",\"width\":512,\"height\":512,\"caption\":\"agathe.caudrelier\"},\"logo\":{\"@id\":\"https:\/\/agathe-reflexologie.fr\/#\/schema\/person\/image\/\"},\"sameAs\":[\"https:\/\/agathe-reflexologie.fr\"]}]}<\/script>\n<!-- \/ Yoast SEO plugin. -->","yoast_head_json":{"title":"Mentions l\u00e9gales - Agathe R\u00e9flexologie \u2022 R\u00e9flexologue certifi\u00e9e \u00e0 Nantes","robots":{"index":"index","follow":"follow","max-snippet":"max-snippet:-1","max-image-preview":"max-image-preview:large","max-video-preview":"max-video-preview:-1"},"canonical":"https:\/\/agathe-reflexologie.fr\/index.php\/mentions-legales\/","og_locale":"fr_FR","og_type":"article","og_title":"Mentions l\u00e9gales - Agathe R\u00e9flexologie \u2022 R\u00e9flexologue certifi\u00e9e \u00e0 Nantes","og_description":"Mentions l\u00e9gales","og_url":"https:\/\/agathe-reflexologie.fr\/index.php\/mentions-legales\/","og_site_name":"Agathe R\u00e9flexologie \u2022 R\u00e9flexologue certifi\u00e9e \u00e0 Nantes","article_modified_time":"2024-09-21T15:00:37+00:00","twitter_card":"summary_large_image","schema":{"@context":"https:\/\/schema.org","@graph":[{"@type":"WebPage","@id":"https:\/\/agathe-reflexologie.fr\/index.php\/mentions-legales\/","url":"https:\/\/agathe-reflexologie.fr\/index.php\/mentions-legales\/","name":"Mentions l\u00e9gales - Agathe R\u00e9flexologie \u2022 R\u00e9flexologue certifi\u00e9e \u00e0 Nantes","isPartOf":{"@id":"https:\/\/agathe-reflexologie.fr\/#website"},"datePublished":"2023-10-05T14:14:55+00:00","dateModified":"2024-09-21T15:00:37+00:00","breadcrumb":{"@id":"https:\/\/agathe-reflexologie.fr\/index.php\/mentions-legales\/#breadcrumb"},"inLanguage":"fr-FR","potentialAction":[{"@type":"ReadAction","target":["https:\/\/agathe-reflexologie.fr\/index.php\/mentions-legales\/"]}]},{"@type":"BreadcrumbList","@id":"https:\/\/agathe-reflexologie.fr\/index.php\/mentions-legales\/#breadcrumb","itemListElement":[{"@type":"ListItem","position":1,"name":"Accueil","item":"https:\/\/agathe-reflexologie.fr\/"},{"@type":"ListItem","position":2,"name":"Mentions l\u00e9gales"}]},{"@type":"WebSite","@id":"https:\/\/agathe-reflexologie.fr\/#website","url":"https:\/\/agathe-reflexologie.fr\/","name":"Agathe R\u00e9flexologie \u2022 R\u00e9flexologue certifi\u00e9e \u00e0 Nantes","description":"S\u2019accorder un moment de d\u00e9tente pour am\u00e9liorer son bien-\u00eatre","publisher":{"@id":"https:\/\/agathe-reflexologie.fr\/#\/schema\/person\/b2b3be7c7e716a0f54e66afa5886dc6b"},"potentialAction":[{"@type":"SearchAction","target":{"@type":"EntryPoint","urlTemplate":"https:\/\/agathe-reflexologie.fr\/?s={search_term_string}"},"query-input":"required name=search_term_string"}],"inLanguage":"fr-FR"},{"@type":["Person","Organization"],"@id":"https:\/\/agathe-reflexologie.fr\/#\/schema\/person\/b2b3be7c7e716a0f54e66afa5886dc6b","name":"agathe.caudrelier","image":{"@type":"ImageObject","inLanguage":"fr-FR","@id":"https:\/\/agathe-reflexologie.fr\/#\/schema\/person\/image\/","url":"https:\/\/agathe-reflexologie.fr\/wp-content\/uploads\/2023\/09\/cropped-Logos_Bleu-RVB_Icone.png","contentUrl":"https:\/\/agathe-reflexologie.fr\/wp-content\/uploads\/2023\/09\/cropped-Logos_Bleu-RVB_Icone.png","width":512,"height":512,"caption":"agathe.caudrelier"},"logo":{"@id":"https:\/\/agathe-reflexologie.fr\/#\/schema\/person\/image\/"},"sameAs":["https:\/\/agathe-reflexologie.fr"]}]}},"_links":{"self":[{"href":"https:\/\/agathe-reflexologie.fr\/index.php\/wp-json\/wp\/v2\/pages\/117"}],"collection":[{"href":"https:\/\/agathe-reflexologie.fr\/index.php\/wp-json\/wp\/v2\/pages"}],"about":[{"href":"https:\/\/agathe-reflexologie.fr\/index.php\/wp-json\/wp\/v2\/types\/page"}],"author":[{"embeddable":true,"href":"https:\/\/agathe-reflexologie.fr\/index.php\/wp-json\/wp\/v2\/users\/2"}],"replies":[{"embeddable":true,"href":"https:\/\/agathe-reflexologie.fr\/index.php\/wp-json\/wp\/v2\/comments?post=117"}],"version-history":[{"count":6,"href":"https:\/\/agathe-reflexologie.fr\/index.php\/wp-json\/wp\/v2\/pages\/117\/revisions"}],"predecessor-version":[{"id":612,"href":"https:\/\/agathe-reflexologie.fr\/index.php\/wp-json\/wp\/v2\/pages\/117\/revisions\/612"}],"wp:attachment":[{"href":"https:\/\/agathe-reflexologie.fr\/index.php\/wp-json\/wp\/v2\/media?parent=117"}],"curies":[{"name":"wp","href":"https:\/\/api.w.org\/{rel}","templated":true}]}}